rt -1277566 (base 11) to base 10.
-2206144
3d4d02 (base 14) to base 13
595b39
Convert 3341132321 (base 5) to base 6.
421503515
What is -1045617 (base 9) in base 16?
-892a8
Convert -a2c28 (base 13) to base 9.
-484567
Convert 1110010110000101010111 (base 2) to base 14.
6dc611
Convert -102313232 (base 4) to base 16.
-12dee
-281dbd (base 15) to base 9
-3561687
-22102112100 (base 3) to base 8
-503756
-55034 (base 10) to base 5
-3230114
Convert -3735817 (base 12) to base 5.
-10224144140
6636576 (base 8) to base 2
110110011110101111110
14652225 (base 8) to base 13
90a235
What is -2202202221111 (base 3) in base 7?
-15336664
What is 1019038 (base 10) in base 5?
230102123
Convert -1310021122 (base 4) to base 10.
-475738
Convert 73535 (base 11) to base 12.
51bab
What is 211333022031 (base 4) in base 3?
200201220211220
-18322 (base 9) to base 6
-134332
What is -1401333141 (base 5) in base 16?
-360f89
Convert 10111101011111111101011 (base 2) to base 13.
1395490
Convert 1001000101010011001 (base 2) to base 9.
503234
239224 (base 10) to base 14
63276
32103434 (base 7) to base 14
50c9c4
7312a5 (base 12) to base 9
3352538
What is 2dd53 (base 14) in base 12?
56759
What is -120300103 (base 4) in base 16?
-18c13
-1100210110021 (base 3) to base 13
-1c484b
What is -75bc1 (base 14) in base 3?
-112110212222
What is 2755732 (base 8) in base 7?
6414553
What is -17613 (base 12) in base 15?
-9ec6
-631171 (base 8) to base 5
-23201104
What is 875273 (base 9) in base 5?
113202232
3608665 (base 9) to base 4
13131102302
What is 80690 (base 16) in base 14?
d9972
1031310302 (base 4) to base 15
646b5
Convert -2759ae (base 16) to base 6.
-131135102
Convert 5507333 (base 11) to base 7.
145134341
Convert 4fcc9 (base 16) to base 5.
40424412
-79215 (base 13) to base 6
-4414440
What is 450032 (base 7) in base 11?
54601
Convert 12020144 (base 5) to base 8.
330122
Convert 11110000100002 (base 3) to base 9.
4400302
What is -13239a (base 13) in base 2?
-1110000110010110100
21256288 (base 9) to base 13
217ca06
Convert 45437010 (base 8) to base 16.
963e08
Convert 212300 (base 11) to base 12.
144760
What is -13055026 (base 9) in base 5?
-3120220031
What is 16667751 (base 9) in base 16?
7fbb2f
What is -1101110010000101 (base 2) in base 12?
-28805
Convert 222112222120101 (base 3) to base 13.
2c01640
-691701 (base 11) to base 12
-45087a
What is 1101001011011110 (base 2) in base 12?
272a6
Convert 3964a (base 16) to base 9.
387422
-1220022120022 (base 3) to base 11
-62a983
What is -22202001200222 (base 3) in base 5?
-2142141204
101110001001110011 (base 2) to base 15
3b02d
100220012202 (base 3) to base 6
4101502
-437178 (base 9) to base 5
-31324014
Convert 106380 (base 11) to base 4.
221120100
What is -36bb (base 13) in base 4?
-1321033
Convert -2123231031 (base 4) to base 8.
-2335515
Convert -1011110011001011110011 (base 2) to base 13.
-843c22
Convert -11011000011001101101011 (base 2) to base 13.
-16137b6
-1002011221110010 (base 3) to base 4
-323022121101
Convert -951003 (base 10) to base 15.
-13bba3
Convert -854 (base 14) to base 13.
-994
Convert -10061016 (base 8) to base 6.
-113253130
1010302311 (base 4) to base 11
182785
Convert 233221212 (base 4) to base 5.
22221144
What is -6855403 (base 9) in base 10?
-3697815
-1154553 (base 6) to base 16
-f225
Convert -131112024 (base 6) to base 8.
-11646360
-15101 (base 15) to base 14
-1a978
Convert -14828 (base 10) to base 12.
-86b8
1001221202100 (base 3) to base 11
35a19a
Convert 1c431d (base 15) to base 9.
2534431
What is 111001010011001010 (base 2) in base 10?
234698
Convert 1101101000111001 (base 2) to base 3.
2211122002
72bca1 (base 16) to base 3
112011000200001
346a96 (base 11) to base 5
120113033
1330012011 (base 4) to base 6
14521113
-2d274b (base 15) to base 5
-1024412041
What is -5202307 (base 9) in base 3?
-12020002100021
What is 10aa3 (base 11) in base 14?
5b64
-634321 (base 7) to base 16
-1ac0b
2210212121220 (base 3) to base 5
340242243
-21b11 (base 16) to base 11
-94756
Convert 47a062 (base 11) to base 7.
6313642
Convert 10000111000000010011110 (base 2) to base 11.
2551771
Convert -486214 (base 12) to base 10.
-1171888
What is 222120122120 (base 3) in base 2?
1111111101110011111
Convert -d6b77 (base 15) to base 9.
-1247084
1402312 (base 7) to base 2
101101010101110111
286200 (base 12) to base 15
d4b73
What is 3525073 (base 12) in base 10?
10252311
190aa7 (base 16) to base 8
6205247
-a03b5 (base 12) to base 10
-207929
-1dac6 (base 16) to base 4
-131223012
60511 (base 11) to base 5
10312323
-100011110010100011000100 (base 2) to base 12
-3185544
What is 9061558 (base 10) in base 9?
18041107
What is -101220122102 (base 3) in base 11?
-13741a
What is -101100201222 (base 3) in base 15?
-40655
Convert 914901 (base 11) to base 6.
51303534
Convert 275283 (base 16) to base 8.
11651203
What is 331437 (base 8) in base 15?
23011
85a235 (base 11) to base 3
2120212102110
Convert -3121334 (base 5) to base 7.
-303025
Convert -6c6d (base 16) to base 11.
-19944
10221100022 (base 5) to base 3
202011201122221
What is -2c068 (base 13) in base 7?
-465436
What is 10335320 (base 6) in base 10?
308352
What is 131300212 (base 4) in base 16?
1dc26
Convert bc1dd (base 15) to base 8.
2217460
5376 (base 8) to base 11
2129
What is 1003310002 (base 4) in base 13?
99574
-321816 (base 9) to base 14
-4dbc1
-1012102101 (base 3) to base 4
-11301103
-33a91 (base 16) to base 6
-4311345
What is -1202508 (base 9) in base 14?
-12d574
Convert 21a5867 (base 12) to base 3.
110010002022121
Convert -22512826 (base 9) to base 5.
-10244322011
What is 21750762 (base 8) in base 2?
10001111101000111110010
Convert 58d7bb (base 15) to base 9.
7883425
-1011dd9 (base 16) to base 12
-5787475
Convert 4705302 (base 11) to base 5.
4101024441
What is -1789259 (base 12) in base 5?
-2224101410
What is 63037 (base 16) in base 13?
11279b
Convert 10260511 (base 7) to base 15.
1234b1
What is 3b4824 (base 15) in base 13?
78a4b6
Convert 10220211201000 (base 3) to base 4.
13330213002
What is 1b68d2 (base 14) in base 13?
283582
21121010211121 (base 3) to base 11
2308739
What is 9bca97 (base 14) in base 10?
5298013
What is -3420230 (base 6) in base 15?
-36739
What is 253aa (base 11) in base 6?
440340
Convert 3010002000 (base 4) to base 15.
10cd99
What is 122111021221220 (base 3) in base 5?
4334434203
Convert -5524140 (base 7) to base 12.
-288803
What is -460 (base 10) in base 9?
-561
What is 10121011202101 (base 3) in base 4?
13102332031
Convert -3503082 (base 9) to base 16.
-1cddf5
Convert 2416683 (base 9) to base 14.
261886
What is -1001110001001110110 (base 2) in base 9?
-537106
-240324304 (base 5) to base 12
-453536
Convert 85ee25 (base 15) to base 6.
344414212
What is -5470047 (base 8) in base 2?
-101100111000000100111
5213184 (base 10) to base 4
103320300000
What is 432405 (base 8) in base 10?
144645
10021211000 (base 3) to base 14
1984a
-430214401 (base 5) to base 3
-10101200002211
Convert -858476 (base 11) to base 4.
-11033022130
7b0d6 (base 16) to base 3
221121101111
-948894 (base 10) to base 6
-32201010
-831086 (base 10) to base 8
-3127156
Convert -2112030020 (base 4) to base 11.
-390211
Convert -101100001011000110 (base 2) to base 8.
-541306
Convert 1911c2 (base 16) to base 9.
3073625
-3a1a14 (base 11) to base 3
-1012010002211
What is -13194 (base 11) in base 16?
-49aa
What is 10001001000011111 (base 2) in base 4?
101020133
Convert -203131112 (base 4) to base 10.
-145238
2d5cfe (base 16) to base 5
1230113201
What is 100018 (base 9) in base 12?
2a222
What is -110024552 (base 6) in base 12?
-7a8158
-8487733 (base 9) to base 13
-c321b7
What is 2100220122 (base 3) in base 13?
18290
Convert -10886752 (base 10) to base 7.
-161351542
-176611 (base 8) to base 14
-19921
What is -21626025 (base 8) in base 5?
-2143224331
What is -6883806 (base 10) in base 6?
-403313250
What is -1d019d (base 14) in base 11?
-6495a3
-13059 (base 14) to base 7
-253142
1000011110111010001 (base 2) to base 16
43dd1
Convert -737446 (base 8) to base 7.
-2041603
Convert 16390 (base 10) to base 4.
10000012
What is -424568 (base 12) in base 4?
-3333000200
3053112 (base 6) to base 2
100011111011000100
43434334 (base 5) to base 8
1333110
-3131126 (base 10) to base 13
-85824b
What is -1651a0 (base 11) in base 14?
-69303
What is -186810